*q**2 - 2*q - 18. What is i(-12)?
6
Let q(c) = -c**3 - 14*c**2 - 20*c + 32. What is q(-12)?
-16
Let b(l) = -l**2 + 8*l + 3. Give b(8).
3
Let h(w) = -2*w + 12. Give h(9).
-6
Let g(q) = 2*q**3 - 3*q**2 + 5*q - 1. Calculate g(2).
13
Let i(u) = 2*u**3 + 11*u**2 - 6*u - 9. Give i(-6).
-9
Let n(k) = k**2 - 4*k - 37. What is n(0)?
-37
Let g(h) = 4*h**3 + 23*h**2 - 2*h + 23. Determine g(-6).
-1
Let x(n) = 18*n. What is x(1)?
18
Let u(d) = 27*d + 1. Give u(1).
28
Let n(k) = 91*k - 1540. Calculate n(17).
7
Let b(k) = 25*k + 42. Give b(-2).
-8
Let k(q) = 2*q**2 + 16*q + 24. Calculate k(-5).
-6
Let h(j) = -j**3 - 12*j**2 + 28*j + 8. What is h(-14)?
8
Let j(w) = w**3 - 21*w**2 + 36*w + 39. Calculate j(19).
1
Let g(b) = -b**3 - 7*b**2 - 3*b + 1. Calculate g(-6).
-17
Let t(k) = -2*k + 10. Give t(5).
0
Let p(i) = -i**3 + 30*i**2 - 29*i + 24. Calculate p(29).
24
Let y(r) = 6*r**2 - 130*r - 50. What is y(22)?
-6
Let b(o) = -o**3 - 35*o**2 - 34*o - 8. Give b(-34).
-8
Let i(u) = -3*u**2 - u. Give i(1).
-4
Let a(l) = -6*l - 1. Give a(2).
-13
Let h(r) = r**2 + 10*r - 101. Calculate h(-16).
-5
Let u(h) = h**3 + 9*h**2 - 10*h - 79. Determine u(-9).
11
Let j(l) = -6*l. Determine j(1).
-6
Let u(z) = 3*z**2 - 2*z - 2. Give u(5).
63
Let b(i) = i**3 - 4*i**2 - i + 3. What is b(3)?
-9
Let a(s) = 2*s**2 + 37*s + 130. Give a(-14).
4
Let f(o) = -4*o + 17. Calculate f(6).
-7
Let t(i) = -10*i + 38. Determine t(8).
-42
Let d(a) = a**2 + 6*a - 13. Calculate d(-9).
14
Let v(o) = -2*o**3 - 12*o**2 - 3*o - 18. Give v(-6).
0
Let j(q) = q**2 + 4*q + 7. Determine j(-5).
12
Let g(f) = 20*f - 54. Give g(3).
6
Let w(f) = 10*f - 4. What is w(-3)?
-34
Let n(c) = c**2 - 40*c - 76. What is n(42)?
8
Let i(h) = -h**2 + 30*h + 46. Give i(32).
-18
Let n(b) = b + 3. What is n(-10)?
-7
Let u(r) = -5*r - 9. Determine u(-3).
6
Let g(u) = -u**3 - 10*u**2 + 10*u - 8. Determine g(-11).
3
Let g(b) = 2*b**2 + 16*b + 5. Determine g(-8).
5
Let r(p) = -p**2 - p - 3. What is r(-5)?
-23
Let p(t) = t**3 + 37*t**2 + 34*t - 98. Determine p(-36).
-26
Let o(g) = -g + 9. Determine o(-3).
12
Let q(o) = 13*o + 13. Calculate q(7).
104
Let a(f) = -2*f**2 - f + 7. Calculate a(0).
7
Let g(x) = 7*x + 3. Calculate g(2).
17
Let s(g) = -2*g - 22. Give s(8).
-38
Let k(a) = -39*a + 6. Calculate k(-2).
84
Let h(z) = -6*z + 2. What is h(-2)?
14
Let l(p) = -p**3 + 4*p**2 + 2*p + 3. Determine l(3).
18
Let h(v) = -v**3 + 11*v**2 + 14*v - 17. Calculate h(12).
7
Let q(k) = -2*k**3 - 8*k**2 + 12*k + 4. Determine q(-5).
-6
Let h(o) = o**2 - 10*o + 3. Give h(10).
3
Let y(d) = 2*d - 17. Give y(8).
-1
Let o(a) = 2*a**2 + 6*a - 2. What is o(1)?
6
Let n(i) = i**3 - 29*i**2 + 206*i + 31. Determine n(13).
5
Let g(k) = -k**2 - 27*k + 25. Calculate g(-28).
-3
Let n(r) = -r**2 - 31*r + 25. What is n(-32)?
-7
Let o(p) = -3*p - 15. What is o(-9)?
12
Let v(n) = 2*n**2 + 3*n - 56. Give v(-8).
48
Let x(a) = a**2 + 2*a - 13. Give x(-8).
35
Let m(n) = -n**3 - 5*n**2 - 6*n + 7. What is m(-5)?
37
Let l(g) = -g**2 + g. Determine l(3).
-6
Let m(i) = -i**3 - 15*i**2 + 33*i - 11. Determine m(-17).
6
Let h(x) = -101*x + 10. Give h(1).
-91
Let z(a) = -a + 16. Calculate z(19).
-3
Let y(v) = 20*v + 16. Give y(5).
116
Let b(p) = p**3 - p**2 - p - 63. Determine b(0).
-63
Let q(f) = f**3 - 7*f**2 + 5*f. Give q(7).
35
Let a(s) = -13*s + 1. Give a(-2).
27
Let x(k) = -k**3 - 7*k**2 - 4*k - 9. Determine x(-7).
19
Let i(k) = -15*k + 11. Give i(6).
-79
Let g(z) = -15*z**3 - 2*z**2 + 2*z - 1. Give g(1).
-16
Let i(r) = -r**2 - 23*r - 45. Determine i(-20).
15
Let v(g) = 66*g - 930. Determine v(14).
-6
Let y(n) = 10*n**2 + 24*n. Determine y(-2).
-8
Let f(m) = -m**3 + 6*m**2 - 3*m - 6. What is f(3)?
12
Let i(w) = 9*w - 2. What is i(-6)?
-56
Let a(k) = k**2 - 7*k + 9. What is a(7)?
9
Let m(t) = t**3 - 5*t**2 - 2. Calculate m(4).
-18
Let f(r) = -11*r**2 + 59*r - 9. Calculate f(5).
11
Let l(s) = -3*s**2 + 44*s + 2. Calculate l(15).
-13
Let r(b) = -b**3 - 15*b**2 + 49*b - 56. What is r(-18)?
34
Let o(y) = -5*y - 30. Determine o(-6).
0
Let i(l) = 3*l**2 + 92*l - 28. Calculate i(-31).
3
Let g(q) = 2*q + 45. What is g(0)?
45
Let d(c) = -c**2 + 15*c - 57. What is d(6)?
-3
Let o(h) = -h**3 - h + 1. Calculate o(1).
-1
Let w(i) = i**3 - 12*i**2 - 14*i + 17. Calculate w(13).
4
Let y(a) = a**3 + 9*a**2 - 2*a + 9. Determine y(-9).
27
Let t(o) = 2*o**2 - 3. What is t(2)?
5
Let q(z) = -2*z - 20. Calculate q(-10).
0
Let m(s) = s**2 - s - 12. What is m(0)?
-12
Let u(a) = -a**3 + 6*a**2 - 7. Calculate u(5).
18
Let s(v) = v**3 + 5*v**2 - 2*v + 2. Calculate s(-5).
12
Let r(y) = -y**3 - 14*y**2 - 49*y - 11. Give r(-8).
-3
Let r(y) = -2*y**2 + 32*y + 6. Calculate r(16).
6
Let p(i) = 3*i + 81. Give p(-29).
-6
Let j(k) = 5*k**2 - 60*k + 95. Give j(10).
-5
Let y(x) = 3*x. Calculate y(5).
15
Let c(z) = -z**3 + 12*z**2 - 3*z + 36. What is c(12)?
0
Let k(r) = 2*r**2 - 4*r - 131. Determine k(-7).
-5
Let f(j) = 9*j - 40. Determine f(3).
-13
Let d(o) = -o**2 - 26*o + 109. Give d(-30).
-11
Let n(l) = 4*l**2 + 48*l + 7. Determine n(-11).
-37
Let t(c) = -c**3 + 12*c**2 - c - 25. Determine t(11).
85
Let v(o) = o**2 + 10*o + 13. Determine v(-8).
-3
Let o(p) = -p**3 - 12*p**2 + 17*p + 2. What is o(-13)?
-50
Let d(h) = -13*h - 18. What is d(-3)?
21
Let h(q) = -2*q**2 - q - 5. Give h(5).
-60
Let z(q) = q**2 + 39*q + 70. Calculate z(-37).
-4
Let f(r) = 3*r + 5. Calculate f(7).
26
Let q(v) = -v**3 - 9*v**2 - 3*v - 34. Give q(-9).
-7
Let a(q) = 15*q - 137. Calculate a(10).
13
Let f(h) = -13*h + 78. Give f(7).
-13
Let m(u) = u**2 + 9*u - 8. Give m(-11).
14
Let i(d) = d**3 + 11*d**2 + 19*d + 1. What is i(-9)?
-8
Let y(f) = 7*f**2 - 3*f - 3. What is y(-1)?
7
Let h(b) = -10*b + 60. What is h(21)?
-150
Let z(m) = -m + 12. Give z(7).
5
Let n(t) = t + 7. Calculate n(-7).
0
Let w(h) = -3*h**2 + 7*h + 10. What is w(-4)?
-66
Let v(q) = 7*q - 3. Calculate v(3).
18
Let g(n) = 3*n - 18. Calculate g(5).
-3
Let c(w) = 2*w**2 - 3*w - 5. Determine c(4).
15
Let r(f) = -f**3 - 4*f**2 - 26*f - 75. Determine r(-3).
-6
Let k(f) = 9*f - 24. Calculate k(9).
57
Let r(c) = -29*c + 5. Give r(0).
5
Let w(a) = -a**2 - a + 1. Calculate w(1).
-1
Let k(j) = 3*j**2 + 2*j - 4. Determine k(-2).
4
Let j(u) = -3*u**3 - 17*u - 17. What is j(-1)?
3
Let u(d) = 3*d**3 - 41*d**2 + 87*d + 17. Determine u(11).
6
Let z(n) = -104*n + 723. Give z(7).
-5
Let x(z) = z**3 + 2*z**2 - z + 4. Calculate x(0).
4
Let w(v) = -4*v - 7. Calculate w(5).
-27
Let v(l) = 64*l**2 - 4*l + 3. Calculate v(1).
63
Let f(n) = 2*n**2 - 10*n - 49. Calculate f(-3).
-1
Let k(o) = -3*o + 39. Calculate k(8).
15
Let u(f) = -f**3 + 4*f**2 + 3*f + 4. Calculate u(5).
-6
Let x(c) = c - 9. Determine x(8).
-1
Let n(i) = -18*i**2 - i - 1. Calculate n(-1).
-18
Let t(j) = -j**3 + j**2 - j + 2. What is t(3)?
-19
Let d(x) = -x**3 - 11*x**2 + 11*x - 4. Determine d(-12).
8
Let a(h) = -29*h + 2. Calculate a(2).
-56
Let v(k) = -8*k - 209. What is v(-27)?
7
Let b(s) = 4*s + 4. What is b(-4)?
-12
Let f(g) = -g**3 - g**2 + g + 27. Determine f(0).
27
Let f(l) = -l**3 + 14*l**2 - 16*l + 27. Determine f(13).
-12
Let g(m) = 2*m**2 + 51*m - 456. What is g(7)?
-1
Let h(a) = a**2 - 27*a - 88. Determine h(29).
-30
Let g(h) = h**3 + 8*h**2 + 6*h + 2. Determine g(-6).
38
Let o(t) = t + 9. What is o(-4)?
5
Let b(q) = q**2 + 3*q + 3. Determine b(0).
3
Let h(q) = -14*q + 2. Give h(-4).
58
Let x(v) = -2*v**2 - 5*v + 1. Determine x(-3).
-2
Let z(l) = l**2 - 12*l + 2. What is z(11)?
-9
Let s(v) = -6*v**2 - 54*v - 1. Give s(-9).
-1
Let r(a) = 23*a**2 + a + 1. Calculate r(-1).
23
Let k(a) = 7*a - 2. Determine k(-2).
-16
Let v(q) = -q**2 + q - 2. Give v(6).
-32
Let b(u) = 20*u + 330. Calculate b(-16).
10
Let r(l) = -31*l + 4. Calculate r(1).
-27
Let g(h) = -6*h**2 + 1. Calculate g(-2).
-23
Let u(p) = -3*p**2 - 13*p - 18. Give u(-4).
-14
Let f(b) = -22*b - 23. Determine f(-1).
-1
Let c(p) = 26*p + 205. Determine c(-8).
-3
Let m(b) = 5*b**2 + 1. Give m(-2).
21
Let w(b) = b**2 + 3*b - 7. Give w(-4).
-3
Let r(s) = -6*s**2 - 6*s - 1. Give r(2).
-37
Let i(n) = 4*n - 11. Give i(6).
13
Let b(y) = 5*y + 20. What is b(-12)?
-40
Let k(t) = -t**2 + 4*t + 355. Calculate k(21).
-2
Let a(s) = s**3 + 22*s**2 + s + 15. Give a(-22).
-7
Let g(z) = -7*z**2 + 21*z - 11. Determine g(3).
-11
Let s(v) = v**2 + 8*v - 201. What is s(-19)?
8
Let c(b) =